t is the hundreds digit of 62275?
2
What is the tens digit of 23791?
9
What is the thousands digit of 1496?
1
What is the thousands digit of 12559?
2
What is the hundreds digit of 171?
1
What is the units digit of 36719?
9
What is the tens digit of 3674?
7
What is the tens digit of 315?
1
What is the thousands digit of 14496?
4
What is the hundreds digit of 3688?
6
What is the thousands digit of 24065?
4
What is the ten thousands digit of 26668?
2
What is the units digit of 1787?
7
What is the hundreds digit of 10662?
6
What is the tens digit of 2954?
5
What is the hundreds digit of 67139?
1
What is the hundreds digit of 4887?
8
What is the hundreds digit of 23601?
6
What is the hundreds digit of 28530?
5
What is the units digit of 1550?
0
What is the tens digit of 441?
4
What is the units digit of 75?
5
What is the tens digit of 520?
2
What is the thousands digit of 1008?
1
What is the hundreds digit of 2959?
9
What is the tens digit of 8091?
9
What is the tens digit of 186068?
6
What is the units digit of 158533?
3
What is the units digit of 89?
9
What is the hundreds digit of 361?
3
What is the ten thousands digit of 10657?
1
What is the tens digit of 592?
9
What is the tens digit of 3242?
4
What is the thousands digit of 19195?
9
What is the ten thousands digit of 147100?
4
What is the hundreds digit of 205?
2
What is the thousands digit of 51083?
1
What is the ten thousands digit of 12115?
1
What is the hundreds digit of 5284?
2
What is the hundreds digit of 230?
2
What is the tens digit of 2934?
3
What is the tens digit of 5884?
8
What is the thousands digit of 21109?
1
What is the tens digit of 67829?
2
What is the hundreds digit of 37477?
4
What is the thousands digit of 1852?
1
What is the tens digit of 6474?
7
What is the hundreds digit of 132?
1
What is the units digit of 13748?
8
What is the thousands digit of 10577?
0
What is the tens digit of 587?
8
What is the units digit of 46109?
9
What is the ten thousands digit of 96950?
9
What is the units digit of 444?
4
What is the tens digit of 3388?
8
What is the tens digit of 1847?
4
What is the ten thousands digit of 51356?
5
What is the units digit of 64578?
8
What is the hundreds digit of 28598?
5
What is the hundreds digit of 26984?
9
What is the tens digit of 387?
8
What is the thousands digit of 159230?
9
What is the ten thousands digit of 41670?
4
What is the units digit of 3308?
8
What is the tens digit of 20011?
1
What is the hundreds digit of 74415?
4
What is the ten thousands digit of 10777?
1
What is the units digit of 9823?
3
What is the thousands digit of 3039?
3
What is the thousands digit of 127067?
7
What is the units digit of 14276?
6
What is the hundreds digit of 1527?
5
What is the hundreds digit of 531?
5
What is the units digit of 31849?
9
What is the hundreds digit of 80536?
5
What is the units digit of 29745?
5
What is the thousands digit of 7473?
7
What is the hundreds digit of 384?
3
What is the hundreds digit of 1130?
1
What is the thousands digit of 75746?
5
What is the ten thousands digit of 43813?
4
What is the tens digit of 1395?
9
What is the units digit of 6007?
7
What is the units digit of 37872?
2
What is the units digit of 244?
4
What is the thousands digit of 1229?
1
What is the tens digit of 298?
9
What is the units digit of 763?
3
What is the hundred thousands digit of 107962?
1
What is the hundreds digit of 9930?
9
What is the units digit of 2045?
5
What is the ten thousands digit of 125316?
2
What is the units digit of 1724?
4
What is the hundreds digit of 1176?
1
What is the tens digit of 38766?
6
What is the tens digit of 113920?
2
What is the units digit of 1920?
0
What is the hundreds digit of 842?
8
What is the thousands digit of 5908?
5
What is the units digit of 1091?
1
What is the units digit of 16540?
0
What is the hundred thousands digit of 104596?
1
What is the thousands digit of 4836?
4
What is the tens digit of 3606?
0
What is the thousands digit of 12061?
2
What is the hundreds digit of 4465?
4
What is the thousands digit of 9720?
9
What is the tens digit of 28223?
2
What is the hundreds digit of 631?
6
What is the units digit of 1668?
8
What is the thousands digit of 1498?
1
What is the units digit of 16167?
7
What is the units digit of 5314?
4
What is the units digit of 9239?
9
What is the hundreds digit of 620?
6
What is the units digit of 957?
7
What is the tens digit of 35891?
9
What is the tens digit of 4775?
7
What is the hundreds digit of 832?
8
What is the units digit of 573?
3
What is the thousands digit of 6296?
6
What is the thousands digit of 76938?
6
What is the tens digit of 1609?
0
What is the thousands digit of 1389?
1
What is the tens digit of 229?
2
What is the tens digit of 227?
2
What is the tens digit of 2956?
5
What is the thousands digit of 17507?
7
What is the units digit of 1525?
5
What is the tens digit of 15674?
7
What is the ten thousands digit of 25183?
2
What is the hundreds digit of 2404?
4
What is the hundreds digit of 13281?
2
What is the tens digit of 682?
8
What is the units digit of 3891?
1
What is the thousands digit of 1302?
1
What is the units digit of 1106?
6
What is the thousands digit of 9089?
9
What is the thousands digit of 1296?
1
What is the units digit of 52771?
1
What is the hundreds digit of 14988?
9
What is the units digit of 47298?
8
What is the units digit of 960?
0
What is the thousands digit of 4263?
4
What is the units digit of 560?
0
What is the ten thousands digit of 18435?
1
What is the units digit of 62168?
8
What is the thousands digit of 41152?
1
What is the hundreds digit of 31957?
9
What is the hundreds digit of 5419?
4
What is the tens digit of 3033?
3
What is the units digit of 2986?
6
What is the ten thousands digit of 100906?
0
What is the tens digit of 1626?
2
What is the tens digit of 23470?
7
What is the units digit of 63638?
8
What is the units digit of 979?
9
What is the tens digit of 6512?
1
What is the hundreds digit of 3735?
7
What is the hundreds digit of 7940?
9
What is the hundreds digit of 5398?
3
What is the tens digit of 105718?
1
What is the hundreds digit of 3099?
0
What is the units digit of 10938?
8
What is the tens digit of 2377?
7
What is the tens digit of 1888?
8
What is the units digit of 10542?
2
What is the thousands digit of 21298?
1
What is the units digit of 51499?
9
What is the units digit of 6704?
4
What is the tens digit of 13235?
3
What is the hundreds digit of 106785?
7
What is the hundreds digit of 14312?
3
What is the units digit of 77634?
4
What is the ten thousands digit of 12387?
1
What is the units digit of 982?
2
What is the thousands digit of 7876?
7
What is the tens digit of 599?
9
What is the units digit of 14060?
0
What is the thousands digit of 9216?
9
What is the thousands digit of 1300?
1
What is the ten thousands digit of 85511?
8
What is the ten thousands digit of 24315?
2
What is the ten thousands digit of 26506?
2
What is the units digit of 727?
7
What is the units digit of 8242?
2
What is the tens digit of 68475?
7
What is the units digit of 13830?
0
What is the hundreds digit of 399?
3
What is the hundreds digit of 2868?
8
What is the tens digit of 157?
5
What is the tens digit of 13851?
5
What is the thousands digit of 66497?
6
What is the ten thousands digit of 15751?
1
What is the tens digit of 1344?
4
What is the ten thousands digit of 16972?
1
What is the hundreds digit of 3606?
6
What is the thousands digit of 1671?
1
What is the units digit of 1591?
1
What is the tens digit of 4492?
9
What is the tens digit of 5010?
1
What is the hundreds digit of 8407?
4
What is the units digit of 7556?
6
What is the hundreds digit of 1360?
3
What is the hundreds digit of 338?
3
What is the hundreds digit of 56791?
7
What is the hundreds digit of 3155?
1
What is the units digit of 8637?
7
What is the thousands digit of 19180?
9
What is the units digit of 29931?
1
What is the thousands digit of 8014?
8
What is the units digit of 7140?
0
What is the units digit of 959?
9
What is the hundreds digit of 37151?
1
What is the units digit of 2828?
8
What is the thousands digit of 4947?
4
What is the hundreds digit of 2056?
0
What is the units digit of 811?
1
What is the hundreds digit of 84835?
8
What is the tens digit of 339